q**3 - 6*q**2 + 7*q - 12. Let u = 121 + -115. What is the hundreds digit of h(u)?
2
Suppose -1769 = 2*b - 327. Let z = b - -1248. What is the units digit of z?
7
Let b(y) = -y**2 + 2*y + 7. Let q be b(3). Suppose m - 983 = -5*n, 2*m - 193 = -5*n + q*n. What is the units digit of n?
7
Suppose 5*b - 9*b = -3*b. Suppose b = r - 1, 0 = -4*s + 171*r - 166*r + 3431. What is the tens digit of s?
5
Let l = 63 - 88. Let f = 213 - 98. Let q = l + f. What is the units digit of q?
0
Suppose -o = -f + 2*o + 18, f = 2*o + 14. Let a(d) = -d**3 + 6*d**2 + 16*d - 21. What is the units digit of a(f)?
5
Suppose 0*o - 40 = -10*o. Suppose -3*z = 5*d - 4116, -3*z - 3294 = -o*d - 5*z. What is the units digit of d?
5
Suppose -1125*d = -1127*d + 194. What is the units digit of d?
7
Suppose -52*a - 66405 = -57*a + 5*g, -5*a = 3*g - 66397. What is the thousands digit of a?
3
Let q(x) = 9133*x + 900. What is the tens digit of q(4)?
3
Suppose -139*w + 134*w + 5*u + 1980 = 0, -5*u + 1180 = 3*w. What is the hundreds digit of w?
3
Let o(t) = 127*t - 103. Let p be o(12). Let m = p + -424. What is the units digit of m?
7
Let r be (-4)/(8/(-365))*(-48)/60. Let n = -10 - r. Suppose -n = -2*b - 2*s, 0 = 2*b - 2*s - 68 - 84. What is the tens digit of b?
7
What is the hundreds digit of 373835/33*(-315)/(-175)?
3
Let a(k) = 4465*k**2 - 373*k + 1469. What is the thousands digit of a(4)?
1
Let q(i) be the third derivative of i**5/10 + 19*i**4/24 + 2*i**3/3 - 134*i**2. What is the thousands digit of q(12)?
1
Let g be (-3)/(-2)*(-4)/(-18)*6. What is the units digit of (-216)/g*3/(-9)?
6
Suppose 5*h = -4*k - 0*h + 5115, 0 = 2*k + h - 2553. Suppose -9*a + k = 6*a. What is the tens digit of a?
8
Suppose -219*i - 212374 = -102*i - 875179. What is the thousands digit of i?
5
Suppose -124*q + 363237 = -36*q - 496259. What is the tens digit of q?
6
Let s(j) = -j**3 - 5*j**2 + 32*j - 33. Let q be s(-9). Suppose 2*n - q*n = 4*w - 3848, 1924 = 2*w + 4*n. What is the tens digit of w?
6
Suppose -18*t - 49*t + 1618253 = 446289. What is the tens digit of t?
9
Suppose -4*r = -4*g - 8, -3*r - 5*g + 25 = -r. Suppose 4*s + 3*n + 55 = 9*s, -n = -2*s + 22. Suppose r*y - 76 + s = 0. What is the units digit of y?
3
Let l(n) be the third derivative of -n**6/24 - n**5/12 - 5*n**4/8 - 5*n**3/6 - 2*n**2 - n. What is the units digit of l(-3)?
0
Let k be (1 - 40/15)/(1/6). What is the tens digit of ((-27)/18 - 1)*1624/k?
0
Suppose 49*v - 18*v = 64449. What is the units digit of v?
9
Let t(f) = -69*f - 13. Let b be t(-2). Suppose 0 = d - 2*v - 32, -d + b = 3*d - 5*v. What is the units digit of d?
0
Let f = 24801 + -9652. What is the ten thousands digit of f?
1
Let c = -1751 - -69. Let t = c - -2371. What is the hundreds digit of t?
6
What is the tens digit of (3252 - (-6 - (6 + -15))) + 6?
5
Let h(o) = -22*o**2 + 226*o - 12. Let c be h(8). Suppose 5*t + 17 = 62. Suppose 7*u - t*u + c = 0. What is the units digit of u?
4
Suppose 2*q + 3*y = 301, 4*q - 4*y - 494 = q. Suppose 4*h - 1550 - q = 0. What is the tens digit of h?
2
Let l = 139 + -108. Suppose l*i = 30*i + 3. Suppose i*j = 7*r - 5*r - 407, 1007 = 5*r + 3*j. What is the hundreds digit of r?
2
Suppose -19*j = 5*j + 456. What is the tens digit of (-2)/j - (-558168)/494?
3
Let r be -718*7/(-14)*(1 - 0). Let g = r - -56. Suppose 4*f + 5*o = g, -2*o - 15 = -7*o. What is the hundreds digit of f?
1
Suppose 0 = 95*a - 102*a + 65702. What is the tens digit of a/8 - ((-69)/(-12))/23?
7
Let u(k) = 2*k + 1. Let b(n) = 91*n - 50. Let m(a) = -b(a) + 3*u(a). What is the units digit of m(-16)?
3
Suppose -4*w - 3*m + 18516 = 0, -4*m = -8*m. What is the hundreds digit of w?
6
Suppose 87 = -3*c - 0*l - 3*l, -3*c - 95 = l. Let j be (-34)/(10/(-25)*-5). Let b = j - c. What is the units digit of b?
6
What is the thousands digit of 13209/(-37)*11/((-99)/210)?
8
What is the units digit of -11318*((540/288)/((-10)/(-8)))/(-1)?
7
Let b = 26189 - 2225. What is the hundreds digit of b?
9
Suppose 5398*o + 228965 = 5409*o. What is the ten thousands digit of o?
2
Suppose -6*j = -3204 - 5928. What is the units digit of j?
2
Let t be 6/(-10) + (-6)/(-10). Suppose -d + 3*d - 10 = t. What is the units digit of (d/2 - 3)*-58?
9
Let j(y) = y**2 - 5*y + 3. Let k be j(15). Suppose -3*r + 7*f - 5*f = -1009, 343 = r - 2*f. Let p = r - k. What is the hundreds digit of p?
1
Let o(c) be the second derivative of 71*c**4/12 - 41*c**3/6 + 72*c**2 - 136*c + 2. What is the units digit of o(4)?
6
Let d(r) = 24*r**2 - 70*r + 112. What is the units digit of d(23)?
8
Suppose -26*v = 12*v - 18354. Suppose -5*u - v = -28*u. What is the units digit of u?
1
Let q = 9455 + -7649. What is the units digit of q?
6
Suppose 28712 = -26*v + 165550. What is the units digit of v?
3
Let g be (-2 - 3747)/(3/(-3)). Let i = g - 1800. What is the hundreds digit of i?
9
Let r(c) = 35*c**2 - 56*c + 3. What is the thousands digit of r(-6)?
1
Let b = 6 + 16. Suppose -b + 17 = -r. Suppose -5*w + 45 = -r. What is the units digit of w?
0
Let m be (0 + 20/12)/(1/3). Suppose 0 = -5*h + m*x + 971 + 1109, -2*x = 5*h - 2080. Suppose 0*i = 4*i - h. What is the units digit of i?
4
Suppose -3*n - 4*p = -1317, 5*n = 9*n + p - 1743. Let r = n - 194. What is the tens digit of r?
4
Let s = 3816 + -9217. What is the units digit of (-2)/(-8) - s/44?
3
Let c(l) = -l**2 - 9*l - 11. Let i be c(-4). Suppose -902 = -i*y + 2302. What is the hundreds digit of y?
3
Let p = 23816 + -5011. What is the hundreds digit of p?
8
Let s(z) = z**3 - 10*z**2 - 6*z - 13. Suppose -4*p = -2*q - 4, -p + 1 = -3*q - 0. Suppose q = 23*v - 21*v - 22. What is the units digit of s(v)?
2
Let y be (-318)/5 - (-4)/(-10). Let l = 152 + y. What is the units digit of l?
8
Suppose -9*n + 1504 = -800. Let q = -84 + n. What is the tens digit of q?
7
Let u(v) = -42*v**2 - 27*v + 7. Let l be u(-3). Let o = l - -1030. What is the units digit of o?
0
Let f(h) = -h**2 + 13*h + 34. Let w be f(10). Let o = 67 - w. Suppose o*q = q + 5*l + 321, 0 = 5*q + 5*l - 750. What is the hundreds digit of q?
1
Let d(x) = x**2 + 8*x - 8. Let k be d(-11). Let f(w) = -4*w - k*w + 2 - 1. What is the tens digit of f(-1)?
3
Let r = 78 - 96. What is the units digit of 684 - r/(-3 - -6)?
0
Suppose 0 = -4*d + 248 - 36. Suppose -d*i + 54*i = -2. What is the units digit of 5 + i + (-1 + -1 - -58)?
9
Let a = -1335 + 6373. What is the thousands digit of a?
5
Let z(t) be the first derivative of 11*t**2/2 + 66*t - 21. Let m be z(-11). What is the units digit of 11/m - 261/(-5)?
2
Suppose -i - 4*l - 2 = 4*i, 0 = -i - l - 1. Suppose -4*h = -5*z + i*z + 807, -3*h = z - 256. Suppose 4*g - 1017 = -z. What is the tens digit of g?
8
Let d(q) = 13*q**3 - 6*q**2 + 68*q + 27. What is the units digit of d(6)?
7
Suppose -81 = -4*v - b - 49, -v + 23 = 4*b. Let a(w) be the third derivative of w**4/24 + 5*w**3/2 - w**2. What is the tens digit of a(v)?
2
Let y(p) = -62*p - 68. Let g be y(-36). Suppose -v = -4*v + x + 3258, 2*v + 2*x = g. What is the hundreds digit of v?
0
Suppose -28*u + 199404 = 8*u. What is the tens digit of u?
3
Let k(h) = -h - 2. Suppose -53 = 10*r - 13. Let w be k(r). Suppose -65 = -x - 3*i, -114 = -4*x + w*i + 160. What is the units digit of x?
8
Let t = -22 + 41. Let b be 20 - t - (0 + 2). What is the tens digit of (-71 - (b + 0))*-1?
7
Let o(g) = -g**2 + 54*g - 1. Let k(b) = 54*b - 2. Let p(d) = 3*k(d) - 4*o(d). What is the tens digit of p(14)?
2
Suppose 13*r - 630 = 1359. Suppose 0 = -w + 443 - r. Suppose 0 = 4*v - 86 - w. What is the units digit of v?
4
Let r(k) = 5*k**2 + 14*k + 15. Let p be r(-1). What is the hundreds digit of 0 + (-3)/((-45)/p)*2770?
1
Let k(p) = -75*p**3 - 2*p**2 - 25*p - 38. What is the hundreds digit of k(-4)?
8
What is the units digit of -8*((-30896)/(-32))/(-1)?
4
Suppose 4092*k = 3927*k + 3520935. What is the hundreds digit of k?
3
Suppose 3*l = -g + 25, -6*g - 8 = -2*l - 11*g. Suppose l = 5*m - 2*a, 4*m = m + 3*a. Suppose m*x - 150 - 126 = 0. What is the units digit of x?
2
Let z(f) be the third derivative of 139*f**4/24 - 53*f**3/6 - 47*f**2. What is the units digit of z(6)?
1
Let t(k) = 26*k + 5. Suppose 2*f + 5*g - 2 = 0, -4*f - 4*g + 7*g = 22. Let c be (-16)/6*6/f. What is the tens digit of t(c)?
0
Let i(m) = -m**3 + 5*m + 1. Let t be i(-2). Let u be t - 2 - 231*1. Let p = 3